{"id":22506,"date":"2023-11-22T09:36:59","date_gmt":"2023-11-22T08:36:59","guid":{"rendered":"http:\/\/www.handball-kaldenkirchen.de\/wordpress\/?page_id=22506"},"modified":"2025-09-13T07:54:25","modified_gmt":"2025-09-13T05:54:25","slug":"jungen-f-2023-24","status":"publish","type":"page","link":"http:\/\/www.handball-kaldenkirchen.de\/wordpress\/?page_id=22506","title":{"rendered":"Jungen E"},"content":{"rendered":"ngg_shortcode_0_placeholder\n<p>Hintere Reihe v.l.n.r.: Trainerin Eva Gerits, Trainerin Katrin Boahen, Laurin Schnitzler, Julian B\u00fcschkes, Jonah Gerits, Jannis Gehlmann, Andre J\u00fcrgens, Tilo Th\u00f6nissen, Jaro Meis, Trainerin Nadine Th\u00f6nissen-M\u00fcller<\/p>\n<p>Sitzend v.l.n.r.: Jonas Mattke, Benedikt Bonnacker, Leo Moors, Jonah Schummers, Alessio Scarlata, Pepe Boahen, Damian Kraus, Colin Rook<\/p>\n<p>Es fehlt: Piet Holthausen<\/p>\n<p>Foto: A. Zorn<\/p>\n<h3><a href=\"https:\/\/hnr-handball.liga.nu\/cgi-bin\/WebObjects\/nuLigaHBDE.woa\/wa\/groupPage?championship=KG+25%2F26&amp;group=424192\">NuLiga Spielplan und Tabelle<\/a><\/h3>\n<h3><strong>Training: <\/strong><a title=\"Trainingszeiten\" href=\"http:\/\/www.handball-kaldenkirchen.de\/wordpress\/?page_id=758\">siehe Trainingsplan<\/a><\/h3>\n","protected":false},"excerpt":{"rendered":"<p>Hintere Reihe v.l.n.r.: Trainerin Eva Gerits, Trainerin Katrin Boahen, Laurin Schnitzler, Julian B\u00fcschkes, Jonah Gerits, Jannis Gehlmann, Andre J\u00fcrgens, Tilo Th\u00f6nissen, Jaro Meis, Trainerin Nadine Th\u00f6nissen-M\u00fcller Sitzend v.l.n.r.: Jonas Mattke, Benedikt Bonnacker, Leo Moors, Jonah Schummers, Alessio Scarlata, Pepe Boahen, Damian Kraus, Colin Rook Es fehlt: Piet Holthausen Foto: A. Zorn NuLiga Spielplan und Tabelle [&hellip;]<\/p>\n","protected":false},"author":5,"featured_media":0,"parent":0,"menu_order":0,"comment_status":"closed","ping_status":"closed","template":"","meta":{"ngg_post_thumbnail":0},"_links":{"self":[{"href":"http:\/\/www.handball-kaldenkirchen.de\/wordpress\/index.php?rest_route=\/wp\/v2\/pages\/22506"}],"collection":[{"href":"http:\/\/www.handball-kaldenkirchen.de\/wordpress\/index.php?rest_route=\/wp\/v2\/pages"}],"about":[{"href":"http:\/\/www.handball-kaldenkirchen.de\/wordpress\/index.php?rest_route=\/wp\/v2\/types\/page"}],"author":[{"embeddable":true,"href":"http:\/\/www.handball-kaldenkirchen.de\/wordpress\/index.php?rest_route=\/wp\/v2\/users\/5"}],"replies":[{"embeddable":true,"href":"http:\/\/www.handball-kaldenkirchen.de\/wordpress\/index.php?rest_route=%2Fwp%2Fv2%2Fcomments&post=22506"}],"version-history":[{"count":9,"href":"http:\/\/www.handball-kaldenkirchen.de\/wordpress\/index.php?rest_route=\/wp\/v2\/pages\/22506\/revisions"}],"predecessor-version":[{"id":23327,"href":"http:\/\/www.handball-kaldenkirchen.de\/wordpress\/index.php?rest_route=\/wp\/v2\/pages\/22506\/revisions\/23327"}],"wp:attachment":[{"href":"http:\/\/www.handball-kaldenkirchen.de\/wordpress\/index.php?rest_route=%2Fwp%2Fv2%2Fmedia&parent=22506"}],"curies":[{"name":"wp","href":"https:\/\/api.w.org\/{rel}","templated":true}]}}

ngg_shortcode_0_placeholder
<p>Hintere Reihe v.l.n.r.: Trainerin Eva Gerits, Trainerin Katrin Boahen, Laurin Schnitzler, Julian Büschkes, Jonah Gerits, Jannis Gehlmann, Andre Jürgens, Tilo Thönissen, Jaro Meis, Trainerin Nadine Thönissen-Müller</p>
<p>Sitzend v.l.n.r.: Jonas Mattke, Benedikt Bonnacker, Leo Moors, Jonah Schummers, Alessio Scarlata, Pepe Boahen, Damian Kraus, Colin Rook</p>
<p>Es fehlt: Piet Holthausen</p>
<p>Foto: A. Zorn</p>
<h3><a href="https://hnr-handball.liga.nu/cgi-bin/WebObjects/nuLigaHBDE.woa/wa/groupPage?championship=KG+25%2F26&amp;group=424192">NuLiga Spielplan und Tabelle</a></h3>
<h3><strong>Training: </strong><a title="Trainingszeiten" href="http://www.handball-kaldenkirchen.de/wordpress/?page_id=758">siehe Trainingsplan</a></h3>

<p>Hintere Reihe v.l.n.r.: Trainerin Eva Gerits, Trainerin Katrin Boahen, Laurin Schnitzler, Julian Büschkes, Jonah Gerits, Jannis Gehlmann, Andre Jürgens, Tilo Thönissen, Jaro Meis, Trainerin Nadine Thönissen-Müller Sitzend v.l.n.r.: Jonas Mattke, Benedikt Bonnacker, Leo Moors, Jonah Schummers, Alessio Scarlata, Pepe Boahen, Damian Kraus, Colin Rook Es fehlt: Piet Holthausen Foto: A. Zorn NuLiga Spielplan und Tabelle [&hellip;]</p>
